ue
Is 83929 a multiple of 8?
False
Does 43 divide 2505481?
True
Is 148 a factor of 59200?
True
Is 3463096 a multiple of 104?
True
Is 7 a factor of 19266?
False
Is 155 a factor of 1862015?
True
Does 10 divide 404820?
True
Does 128 divide 551644?
False
Is 51975 a multiple of 11?
True
Is 9 a factor of 762156?
True
Is 20167 even?
False
Does 339 divide 5400793?
False
Is 83709 a multiple of 34?
False
Does 16 divide 10707217?
False
Is 20177220 a multiple of 210?
True
Is 105 a factor of 2632066?
False
Does 188 divide 3169532?
False
Does 9 divide 33448?
False
Is 90 a factor of 12391?
False
Is 27387 a multiple of 71?
False
Is 2276084 a multiple of 908?
False
Is 2151384 a multiple of 8?
True
Is 95 a factor of 11875?
True
Is 306 a factor of 197064?
True
Is 78870 a multiple of 6?
True
Is 85282 a multiple of 13?
False
Is 2558255 a multiple of 53?
False
Is 1528068 a multiple of 7?
False
Does 819 divide 11466?
True
Does 10 divide 9720?
True
Is 2124445 a multiple of 11?
False
Does 193 divide 12738?
True
Is 216450 a multiple of 65?
True
Does 9 divide 87405?
False
Does 1176 divide 7506273?
False
Is 263 a factor of 323753?
True
Is 2051371 a multiple of 40?
False
Is 28708 a multiple of 9?
False
Is 81 a factor of 371844?
False
Does 3 divide 378927?
True
Is 177225 a multiple of 255?
True
Is 272250 a multiple of 275?
True
Is 12 a factor of 67068?
True
Is 38 a factor of 4232?
False
Is 496800 a multiple of 96?
True
Is 106304 a multiple of 151?
True
Does 15 divide 65380?
False
Is 514 a factor of 1207685?
False
Does 374 divide 4502586?
True
Does 52 divide 475020?
True
Is 38 a factor of 992910?
False
Is 21 a factor of 136017?
True
Is 45 a factor of 49095?
True
Is 93 a factor of 657822?
False
Is 1058062 a multiple of 32?
False
Does 24 divide 728878?
False
Is 154 a factor of 1400043?
False
Does 53 divide 2508978?
False
Is 11207592 a multiple of 132?
True
Is 17 a factor of 836626?
False
Is 1492700 a multiple of 50?
True
Is 1051789 a multiple of 519?
False
Is 134 a factor of 34794?
False
Is 72 a factor of 289409?
False
Is 23 a factor of 158340?
False
Is 1161 a factor of 117261?
True
Does 10 divide 271540?
True
Does 5 divide 73820?
True
Does 4 divide 36293?
False
Is 2226841 a multiple of 23?
False
Is 320 a factor of 1114292?
False
Is 123 a factor of 51660?
True
Is 230 a factor of 186300?
True
Is 3277072 even?
True
Is 172095 a multiple of 33?
True
Is 63167 a multiple of 43?
True
Is 2 a factor of 8459?
False
Does 29 divide 90904?
False
Is 1903944 a multiple of 41?
False
Does 163 divide 18775918?
False
Is 147 a factor of 5048421?
True
Is 189871 a multiple of 431?
False
Is 36 a factor of 220507?
False
Does 188 divide 1542728?
True
Does 12 divide 659714?
False
Is 270149 a multiple of 49?
False
Does 75 divide 711450?
True
Is 670071 a multiple of 401?
True
Is 875161 a multiple of 35?
False
Is 180 a factor of 1166325?
False
Is 42 a factor of 3997638?
False
Is 14783 a multiple of 3?
False
Is 7 a factor of 207731?
False
Is 83942 a multiple of 19?
True
Is 6 a factor of 770080?
False
Is 2 a factor of 68708?
True
Does 250 divide 6035500?
True
Is 434969 a multiple of 41?
True
Is 9015753 a multiple of 51?
False
Is 1134470 a multiple of 410?
True
Is 12 a factor of 4755048?
True
Does 3 divide 4802?
False
Is 6 a factor of 966641?
False
Does 6 divide 8064?
True
Does 35 divide 31990?
True
Is 204048 a multiple of 117?
True
Is 906416 a multiple of 215?
False
Is 217335 a multiple of 255?
False
Is 23 a factor of 2008728?
True
Does 87 divide 2697522?
True
Does 411 divide 16352457?
True
Is 24869 a multiple of 13?
True
Is 29 a factor of 214688?
False
Is 181 a factor of 665709?
False
Does 16 divide 96848?
True
Is 9 a factor of 585355?
False
Is 18 a factor of 114464?
False
Does 45 divide 179596?
False
Does 1118 divide 11829558?
True
Does 23 divide 8568788?
True
Does 85 divide 84235?
True
Is 46 a factor of 299322?
True
Does 110 divide 340864?
False
Is 432 a factor of 384849?
False
Does 155 divide 79825?
True
Is 18 a factor of 1297081?
False
Is 31 a factor of 4429?
False
Does 44 divide 7704082?
False
Does 169 divide 1091539?
False
Is 92218 a multiple of 11?
False
Does 87 divide 106298?
False
Is 92 a factor of 546560?
False
Is 13121196 a multiple of 695?
False
Is 8 a factor of 1003768?
True
Is 388 a factor of 178914?
False
Is 148373 even?
False
Is 611942 a multiple of 39?
False
Does 1262 divide 14336320?
True
Is 4 a factor of 69833?
False
Is 13 a factor of 253188?
True
Does 606 divide 606331?
False
Is 12516458 a multiple of 244?
False
Does 142 divide 145692?
True
Does 32 divide 10580635?
False
Does 160 divide 449920?
True
Does 95 divide 1802414?
False
Is 40 a factor of 516960?
True
Is 617 a factor of 1271735?
False
Is 24 a factor of 116963?
False
Is 8 a factor of 204904?
True
Does 12 divide 13788?
True
Is 1143 a factor of 1107567?
True
Is 4 a factor of 845637?
False
Is 3158919 a multiple of 31?
False
Does 241 divide 3729957?
True
Does 5 divide 438475?
True
Is 4160 a multiple of 8?
True
Does 48 divide 6712368?
True
Is 32 a factor of 999465?
False
Does 34 divide 1280147?
False
Does 7 divide 143752?
True
Is 1831980 a multiple of 3?
True
Is 124410 a multiple of 22?
True
Does 17 divide 3995895?
False
Is 288 a factor of 2546496?
True
Does 775 divide 334800?
True
Is 489920 a multiple of 16?
True
Is 104 a factor of 71344?
True
Is 97539 a multiple of 31?
False
Does 6 divide 5005?
False
Does 11 divide 10065?
True
Does 5 divide 11252?
False
Is 13 a factor of 730041?
True
Is 29 a factor of 21460?
True
Is 83 a factor of 83830?
True
Is 31 a factor of 175832?
True
Is 1337 a factor of 16602866?
True
Is 5 a factor of 14560?
True
Is 7287 a multiple of 7?
True
Is 222 a factor of 4426430?
False
Is 36 a factor of 686355?
False
Is 23526 a multiple of 40?
False
Does 10 divide 1073535?
False
Is 401670 a multiple of 35?
False
Does 105 divide 507132?
False
Is 2152521 a multiple of 441?
True
Is 1791576 a multiple of 1341?
True
Does 116 divide 4263894?
False
Does 4 divide 101725?
False
Is 84 a factor of 17553?
False
Does 10 divide 312087?
False
Does 252 divide 318184?
False
Does 63 divide 1002044?
False
Does 19 divide 945771?
False
Is 237576 a multiple of 456?
True
Is 329 a factor of 208915?
True
Is 326 a factor of 1223456?
False
Does 91 divide 196043?
False
Is 143324 a multiple of 365?
False
Is 5 a factor of 710664?
False
Does 321 divide 4138974?
True
Is 4 a factor of 36565?
False
Is 424240 a multiple of 16?
True
Is 4972108 a multiple of 70?
False
Does 92 divide 216805?
False
Is 1005385 a multiple of 111?
False
Is 40258 a multiple of 4?
False
Is 2 a factor of 4531427?
False
Does 31 divide 1635?
False
Does 14 divide 1550310?
False
Is 2087550 a multiple of 30?
True
Is 1459105 a multiple of 95?
True
Is 746 a factor of 9430596?
False
Does 9 divide 78858?
True
Is 378 a factor of 448308?
True
Is 186 a factor of 333468?
False
Is 75 a factor of 50550?
True
Does 32 divide 531173?
False
Does 36 divide 218952?
True
Is 78 a factor of 795756?
True
Is 4424118 a multiple of 1887?
False
Does 1061 divide 3745721?
False
Is 477232 a multiple of 482?
False
Is 114328 a multiple of 8?
True
Does 126 divide 420809?
False
Does 815 divide 2503270?
False
Does 29 divide 32012?
False
Is 25 a factor of 20249?
False
Is 373124 a multiple of 351?
False
Does 98 divide 2247238?
True
Does 186 divide 4559005?
False
Is 20 a factor of 3805908?
False
Is 1697167 a multiple of 39?
False
Is 13 a factor of 642423?
False
Does 6 divide 400470?
True
Does 52 divide 241020?
True
Does 1011 divide 1421466?
True
Is 288800 a multiple of 38?
True
Is 20 a factor of 10448?
False
Does 60 divide 62520?
True
Does 15 divide 5021687?
False
Is 35 a factor of 5133846?
False
Is 45 a factor of 162945?
True
Is 27 a factor of 375435?
True
Does 7 divide 160126?
False
Is 83 a factor of 8546463?
False
Does 934 divide 5825358?
True
Is 209 a factor of 8783643?
True
Is 548523 a multiple of 358?
False
Does 99 divide 13660218?
True
Is 65 a factor of 90742?
False
Is 10 a factor of 288000?
True
Does 12 divide 927732?
True
Does 32 divide 3940960?
True
Does 5 divide 189616?
False
Is 233 a factor of 9704683?
True
Is 28 a factor of 249760?
True
Is 87909 a multiple of 41?
False
Is 28 a factor of 4576911?
False
Is 209076 a multiple of 262?
True
Is 733767 a multiple of 316?
False
Is 68 a factor of 329197?
False
